{"id":8280,"date":"2023-09-05T17:08:32","date_gmt":"2023-09-05T15:08:32","guid":{"rendered":"https:\/\/boutique.vaillante-academie.be\/?post_type=product&#038;p=8280"},"modified":"2023-09-14T14:26:39","modified_gmt":"2023-09-14T12:26:39","slug":"porte-cles","status":"publish","type":"product","link":"https:\/\/boutique.vaillante-academie.be\/?product=porte-cles","title":{"rendered":"Porte-cl\u00e9s monoplace Vaillante"},"content":{"rendered":"","protected":false},"excerpt":{"rendered":"<h5>Associant les mat\u00e9riaux les plus nobles de l&rsquo;automobile, ce porte-cl\u00e9s cuir et carbone rend hommage aux sports m\u00e9caniques.<\/h5>\n<h5>Le carbone est upcycl\u00e9 \u00e0 partir de pi\u00e8ces de voitures ou motos de course et prot\u00e9g\u00e9 par une r\u00e9sine. Gr\u00e2ce au QR code \u00e0 l&rsquo;arri\u00e8re, vous pouvez acc\u00e9der \u00e0 son historique (infos sur la provenance, photos, etc.)<\/h5>\n<h5>Le cuir provient de chutes de production ou de tanneries v\u00e9g\u00e9tales locales.<\/h5>\n<h5><i>Porte-cl\u00e9s cuir\/carbone avec sticker sous r\u00e9sine et anneau noir chrom\u00e9.<\/i><\/h5>\n<h5><i>Chaque morceau de carbone upcycl\u00e9 a sa propre histoire. Provenant de v\u00e9hicules de course, il peut pr\u00e9senter des diversit\u00e9s de formes et d&rsquo;usures qui t\u00e9moignent de son aspect unique.<\/i><\/h5>\n","protected":false},"featured_media":8281,"template":"","meta":[],"product_brand":[],"product_cat":[78],"product_tag":[71,106],"class_list":{"0":"post-8280","1":"product","2":"type-product","3":"status-publish","4":"has-post-thumbnail","6":"product_cat-produits-derives","7":"product_tag-michel-vaillant","8":"product_tag-porte-cles","10":"first","11":"instock","12":"purchasable","13":"product-type-simple"},"_links":{"self":[{"href":"https:\/\/boutique.vaillante-academie.be\/index.php?rest_route=\/wp\/v2\/product\/8280","targetHints":{"allow":["GET"]}}],"collection":[{"href":"https:\/\/boutique.vaillante-academie.be\/index.php?rest_route=\/wp\/v2\/product"}],"about":[{"href":"https:\/\/boutique.vaillante-academie.be\/index.php?rest_route=\/wp\/v2\/types\/product"}],"version-history":[{"count":2,"href":"https:\/\/boutique.vaillante-academie.be\/index.php?rest_route=\/wp\/v2\/product\/8280\/revisions"}],"predecessor-version":[{"id":8288,"href":"https:\/\/boutique.vaillante-academie.be\/index.php?rest_route=\/wp\/v2\/product\/8280\/revisions\/8288"}],"wp:featuredmedia":[{"embeddable":true,"href":"https:\/\/boutique.vaillante-academie.be\/index.php?rest_route=\/wp\/v2\/media\/8281"}],"wp:attachment":[{"href":"https:\/\/boutique.vaillante-academie.be\/index.php?rest_route=%2Fwp%2Fv2%2Fmedia&parent=8280"}],"wp:term":[{"taxonomy":"product_brand","embeddable":true,"href":"https:\/\/boutique.vaillante-academie.be\/index.php?rest_route=%2Fwp%2Fv2%2Fproduct_brand&post=8280"},{"taxonomy":"product_cat","embeddable":true,"href":"https:\/\/boutique.vaillante-academie.be\/index.php?rest_route=%2Fwp%2Fv2%2Fproduct_cat&post=8280"},{"taxonomy":"product_tag","embeddable":true,"href":"https:\/\/boutique.vaillante-academie.be\/index.php?rest_route=%2Fwp%2Fv2%2Fproduct_tag&post=8280"}],"curies":[{"name":"wp","href":"https:\/\/api.w.org\/{rel}","templated":true}]}}