{"id":7614,"date":"2021-12-22T16:46:21","date_gmt":"2021-12-22T15:46:21","guid":{"rendered":"http:\/\/boutique.vaillante-academie.be\/?post_type=product&#038;p=7614"},"modified":"2023-06-23T15:18:09","modified_gmt":"2023-06-23T13:18:09","slug":"7614","status":"publish","type":"product","link":"https:\/\/boutique.vaillante-academie.be\/?product=7614","title":{"rendered":"Art Strips \u00ab\u00a0Box 24h du Mans\u00a0\u00bb"},"content":{"rendered":"<div class=\"originBlock\">\n<div class=\"originTxt\"><\/div>\n<\/div>\n<div class=\"woocommerce-product-details__short-description\">\n<p>La <strong>MICHEL VAILLANT ART STRIPS\u00a0BOX\u00a0x 24H du Mans<\/strong>\u00a0propose le meilleur des Art Strips de Michel Vaillant aux 24H du Mans.<\/p>\n<p>Les cinq\u00a0<strong>MICHEL VAILLANT ART STRIPS<\/strong>\u00a0inte\u0301gre\u0301s dans cette Box proviennent des planches originales de Jean Graton des albums mythiques \u00ab Le Grand De\u0301fi \u00bb (1959) &amp; \u00ab Le Fanto\u0302me des 24 heures \u00bb (1970).<\/p>\n<p>Le Art Strip \u00ab Le Mans \u201957 \u00bb provient d\u2019une histoire dessine\u0301e par Jean Graton en 1957 pour le journal de Tintin : \u00ab La 24e\u0300me Heure \u00bb. Cette histoire courte de 4 planches est inte\u0301gre\u0301e dans cette Box en format planche originale.<\/p>\n<p>Les tirages sont re\u0301alise\u0301s sur du Papier Fine Art Bright White haut de gamme (Hahnemu\u0308hle) en 30x45cm. L\u2019impression par projection d\u2019encres pigmentaires (avec un traitement anti UV) permet de valoriser le magnifique dessin encre\u0301 au pinceau de Jean Graton ainsi que les couleurs de son e\u0301pouse Francine, rehausse\u0301es fac\u0327on Pop Art par la graphiste.<\/p>\n<p>Chaque tirage, nume\u0301rote\u0301 a\u0300 la main sur 300 exemplaires est pre\u0301sente\u0301 dans une sleeve de protection transparente.<\/p>\n<p>Un certificat d\u2019authenticite\u0301 de Graton Editeur est joint dans la Box, nume\u0301rotant chaque\u00a0<strong>MICHEL VAILLANT ART STRIPS\u00a0BOX\u00a0x 24H du Mans<\/strong>\u00a0de 1\/300 a\u0300 300\/300.<\/p>\n<p>&nbsp;<\/p>\n<p>Pour toute commande, veuillez envoyer un mail \u00e0 info@vaillante-academie.be ou +32 471 90 58 11<\/p>\n<\/div>\n<p>&nbsp;<\/p>\n","protected":false},"excerpt":{"rendered":"<p><span style=\"color: #ff0000;\">Uniquement sur demande<\/span><\/p>\n<p><strong>Coffret d\u2019exception int\u00e9grant une histoire courte, un certificat, 5\u00a0 tirages Papier Fine Art :<\/strong><\/p>\n<ul>\n<li>Histoire courte de 4 planches \u00ab La 24\u00e8me Heure \u00bb en format planche originale<\/li>\n<li>5 tirages Art Strips num\u00e9rot\u00e9s sur 300 exemplaires de Michel Vaillant aux 24H du Mans sur Papier Fine Art Bright White haut de gamme Hahnem\u00fchle en 30x45cm.<\/li>\n<li>Certificat d\u2019authenticit\u00e9 num\u00e9rot\u00e9 de 1\/300 \u00e0 300\/300.<\/li>\n<\/ul>\n","protected":false},"featured_media":7615,"template":"","meta":[],"product_brand":[],"product_cat":[45],"product_tag":[44,71],"class_list":{"0":"post-7614","1":"product","2":"type-product","3":"status-publish","4":"has-post-thumbnail","6":"product_cat-art-strips","7":"product_tag-art-strips","8":"product_tag-michel-vaillant","10":"first","11":"instock","12":"taxable","13":"shipping-taxable","14":"product-type-simple"},"_links":{"self":[{"href":"https:\/\/boutique.vaillante-academie.be\/index.php?rest_route=\/wp\/v2\/product\/7614","targetHints":{"allow":["GET"]}}],"collection":[{"href":"https:\/\/boutique.vaillante-academie.be\/index.php?rest_route=\/wp\/v2\/product"}],"about":[{"href":"https:\/\/boutique.vaillante-academie.be\/index.php?rest_route=\/wp\/v2\/types\/product"}],"version-history":[{"count":1,"href":"https:\/\/boutique.vaillante-academie.be\/index.php?rest_route=\/wp\/v2\/product\/7614\/revisions"}],"predecessor-version":[{"id":8108,"href":"https:\/\/boutique.vaillante-academie.be\/index.php?rest_route=\/wp\/v2\/product\/7614\/revisions\/8108"}],"wp:featuredmedia":[{"embeddable":true,"href":"https:\/\/boutique.vaillante-academie.be\/index.php?rest_route=\/wp\/v2\/media\/7615"}],"wp:attachment":[{"href":"https:\/\/boutique.vaillante-academie.be\/index.php?rest_route=%2Fwp%2Fv2%2Fmedia&parent=7614"}],"wp:term":[{"taxonomy":"product_brand","embeddable":true,"href":"https:\/\/boutique.vaillante-academie.be\/index.php?rest_route=%2Fwp%2Fv2%2Fproduct_brand&post=7614"},{"taxonomy":"product_cat","embeddable":true,"href":"https:\/\/boutique.vaillante-academie.be\/index.php?rest_route=%2Fwp%2Fv2%2Fproduct_cat&post=7614"},{"taxonomy":"product_tag","embeddable":true,"href":"https:\/\/boutique.vaillante-academie.be\/index.php?rest_route=%2Fwp%2Fv2%2Fproduct_tag&post=7614"}],"curies":[{"name":"wp","href":"https:\/\/api.w.org\/{rel}","templated":true}]}}