{"id":7611,"date":"2021-12-22T16:33:26","date_gmt":"2021-12-22T15:33:26","guid":{"rendered":"http:\/\/boutique.vaillante-academie.be\/?post_type=product&amp;p=7611"},"modified":"2021-12-22T16:33:26","modified_gmt":"2021-12-22T15:33:26","slug":"michel-vaillant-tome-10-lhonneur-du-samourai","status":"publish","type":"product","link":"https:\/\/boutique.vaillante-academie.be\/?product=michel-vaillant-tome-10-lhonneur-du-samourai","title":{"rendered":"Michel Vaillant &#8211; Tome 10 L&rsquo;honneur du samoura\u00ef"},"content":{"rendered":"<p><strong>R\u00e9sum\u00e9\u00a0<\/strong><\/p>\n<p>Objectif de la saison, faire de Michel le champion du monde des conducteurs, gr\u00e2ce \u00e0 une nouvelle formule 1 Vaillante dot\u00e9e d&rsquo;une boite de vitesse r\u00e9volutionnaire. Ce nouveau prototype est sorti de la cha\u00eene de montage en six exemplaires, dont une pour un jeune pilote japonais&#8230;. Mais Henri Vaillant pr\u00e9f\u00e8re garder les trois voitures en r\u00e9serve et n&rsquo;honore pas le contrat tacite pass\u00e9 entre Jean-Pierre et Yoshisa, grave erreur lorsqu&rsquo;on conna\u00eet la susceptibilit\u00e9 et le code d&rsquo;honneur des japonais&#8230;<\/p>\n","protected":false},"excerpt":{"rendered":"<p>Michel Vaillant<\/p>\n<p>Tome 10 &#8211; L&rsquo;honneur du samoura\u00ef<\/p>\n","protected":false},"featured_media":7612,"template":"","meta":[],"product_brand":[],"product_cat":[47],"product_tag":[48,71],"class_list":{"0":"post-7611","1":"product","2":"type-product","3":"status-publish","4":"has-post-thumbnail","6":"product_cat-bandes-dessinees","7":"product_tag-bd","8":"product_tag-michel-vaillant","10":"first","11":"instock","12":"taxable","13":"shipping-taxable","14":"purchasable","15":"product-type-simple"},"_links":{"self":[{"href":"https:\/\/boutique.vaillante-academie.be\/index.php?rest_route=\/wp\/v2\/product\/7611","targetHints":{"allow":["GET"]}}],"collection":[{"href":"https:\/\/boutique.vaillante-academie.be\/index.php?rest_route=\/wp\/v2\/product"}],"about":[{"href":"https:\/\/boutique.vaillante-academie.be\/index.php?rest_route=\/wp\/v2\/types\/product"}],"version-history":[{"count":0,"href":"https:\/\/boutique.vaillante-academie.be\/index.php?rest_route=\/wp\/v2\/product\/7611\/revisions"}],"wp:featuredmedia":[{"embeddable":true,"href":"https:\/\/boutique.vaillante-academie.be\/index.php?rest_route=\/wp\/v2\/media\/7612"}],"wp:attachment":[{"href":"https:\/\/boutique.vaillante-academie.be\/index.php?rest_route=%2Fwp%2Fv2%2Fmedia&parent=7611"}],"wp:term":[{"taxonomy":"product_brand","embeddable":true,"href":"https:\/\/boutique.vaillante-academie.be\/index.php?rest_route=%2Fwp%2Fv2%2Fproduct_brand&post=7611"},{"taxonomy":"product_cat","embeddable":true,"href":"https:\/\/boutique.vaillante-academie.be\/index.php?rest_route=%2Fwp%2Fv2%2Fproduct_cat&post=7611"},{"taxonomy":"product_tag","embeddable":true,"href":"https:\/\/boutique.vaillante-academie.be\/index.php?rest_route=%2Fwp%2Fv2%2Fproduct_tag&post=7611"}],"curies":[{"name":"wp","href":"https:\/\/api.w.org\/{rel}","templated":true}]}}