{"id":7603,"date":"2021-12-22T16:18:23","date_gmt":"2021-12-22T15:18:23","guid":{"rendered":"http:\/\/boutique.vaillante-academie.be\/?post_type=product&#038;p=7603"},"modified":"2023-11-14T13:42:06","modified_gmt":"2023-11-14T12:42:06","slug":"sweat-rrs-fia-softech-michel-vaillant","status":"publish","type":"product","link":"https:\/\/boutique.vaillante-academie.be\/?product=sweat-rrs-fia-softech-michel-vaillant","title":{"rendered":"Sweat RRS FIA Softech Michel Vaillant"},"content":{"rendered":"<p><strong><span style=\"color: #ff0000;\">OUT OF STOCK<\/span><\/strong><\/p>\n<p>Extr\u00eamement flexible et con\u00e7u pour \u00eatre port\u00e9 pr\u00e8s du corps, le sweat RRS SOFTECH agit comme une deuxi\u00e8me peau et assure une protection optimale contre le feu.<\/p>\n<p>Le sweat RRS SOFTECH a \u00e9t\u00e9 \u00e9galement pens\u00e9 pour offrir un confort in\u00e9gal\u00e9 : tr\u00e8s respirant, il saura se faire oublier lors de sessions de roulage intensives.<\/p>\n<p>L&rsquo;alliance de sa structure en maille et de la fibre antibact\u00e9rienne RRS vous procure une respirabilit\u00e9 de qualit\u00e9 ce qui limitera les odeurs d\u00e9sagr\u00e9ables li\u00e9es \u00e0 la chaleur et \u00e0 l&rsquo;effort.<\/p>\n<p>Points cl\u00e9s :<br \/>\n\u25a0 Structure en maille et fibre antibact\u00e9rienne : Flexibilit\u00e9 et respirabilit\u00e9<br \/>\n\u25a0 Homologation FIA 8856-2000<br \/>\n\u25a0 Conception pr\u00e8s du corps<br \/>\n\u25a0 Sensation seconde peau pour un confort in\u00e9gal\u00e9<\/p>\n<p>Disponible en 3 tailles : XS-S \/ M-L \/ XL &#8211; XXL<\/p>\n","protected":false},"excerpt":{"rendered":"<p><strong><span style=\"color: #ff0000;\">OUT OF STOCK<\/span><\/strong><\/p>\n<p>Arborez les couleurs du c\u00e9l\u00e8bre h\u00e9ros Michel VAILLANT gr\u00e2ce \u00e0 ce Sweat RRS FIA Softech.<\/p>\n<p>&nbsp;<\/p>\n<p>&nbsp;<\/p>\n","protected":false},"featured_media":7604,"template":"","meta":[],"product_brand":[],"product_cat":[84],"product_tag":[53,71,79],"class_list":{"0":"post-7603","1":"product","2":"type-product","3":"status-publish","4":"has-post-thumbnail","6":"product_cat-textiles","7":"product_tag-bleu","8":"product_tag-michel-vaillant","9":"product_tag-rouge","11":"first","12":"outofstock","13":"taxable","14":"shipping-taxable","15":"product-type-variable"},"_links":{"self":[{"href":"https:\/\/boutique.vaillante-academie.be\/index.php?rest_route=\/wp\/v2\/product\/7603","targetHints":{"allow":["GET"]}}],"collection":[{"href":"https:\/\/boutique.vaillante-academie.be\/index.php?rest_route=\/wp\/v2\/product"}],"about":[{"href":"https:\/\/boutique.vaillante-academie.be\/index.php?rest_route=\/wp\/v2\/types\/product"}],"version-history":[{"count":2,"href":"https:\/\/boutique.vaillante-academie.be\/index.php?rest_route=\/wp\/v2\/product\/7603\/revisions"}],"predecessor-version":[{"id":8479,"href":"https:\/\/boutique.vaillante-academie.be\/index.php?rest_route=\/wp\/v2\/product\/7603\/revisions\/8479"}],"wp:featuredmedia":[{"embeddable":true,"href":"https:\/\/boutique.vaillante-academie.be\/index.php?rest_route=\/wp\/v2\/media\/7604"}],"wp:attachment":[{"href":"https:\/\/boutique.vaillante-academie.be\/index.php?rest_route=%2Fwp%2Fv2%2Fmedia&parent=7603"}],"wp:term":[{"taxonomy":"product_brand","embeddable":true,"href":"https:\/\/boutique.vaillante-academie.be\/index.php?rest_route=%2Fwp%2Fv2%2Fproduct_brand&post=7603"},{"taxonomy":"product_cat","embeddable":true,"href":"https:\/\/boutique.vaillante-academie.be\/index.php?rest_route=%2Fwp%2Fv2%2Fproduct_cat&post=7603"},{"taxonomy":"product_tag","embeddable":true,"href":"https:\/\/boutique.vaillante-academie.be\/index.php?rest_route=%2Fwp%2Fv2%2Fproduct_tag&post=7603"}],"curies":[{"name":"wp","href":"https:\/\/api.w.org\/{rel}","templated":true}]}}