{"id":7555,"date":"2021-12-10T20:04:46","date_gmt":"2021-12-10T19:04:46","guid":{"rendered":"http:\/\/boutique.vaillante-academie.be\/?post_type=product&#038;p=7555"},"modified":"2023-06-23T15:44:54","modified_gmt":"2023-06-23T13:44:54","slug":"combinaison-rss-michel-vaillant-rouge-bleue","status":"publish","type":"product","link":"https:\/\/boutique.vaillante-academie.be\/?product=combinaison-rss-michel-vaillant-rouge-bleue","title":{"rendered":"Combinaison RSS Michel Vaillant rouge \/ bleue"},"content":{"rendered":"<p>\u00ab\u00a0Pilote\u00a0\u00bb d\u00e9finition :<br \/>\n1- D\u00e9signe une personne ou une entit\u00e9 qui conduit quelque chose.<br \/>\n2- P\u00e9riodique de bande dessin\u00e9e fond\u00e9 par Ren\u00e9 Goscinny, Albert Uderzo, Fran\u00e7ois Clauteaux, Jean-Michel Charlier, Raymond Joly, Jean H\u00e9brard, Ren\u00e9\u00a0<span class=\"hide\">Ribi\u00e8re et Charles Courtaud.<br \/>\n3- Michel Vaillant<br \/>\nSi bien entendu, ce valeureux Michel n&rsquo;est pas (encore) dans la d\u00e9finition du mot pilote des dictionnaires, il est sans conteste le plus connu de tout le 9e art.<\/span><\/p>\n<p>Cr\u00e9e en 1959 par Jean Graton, puis rejoint par son fils au scenario et enfin relanc\u00e9e sous la forme d&rsquo;une seconde saison apr\u00e8s 70 tome, Michel Vaillant n&rsquo;usurpe pas sa qualit\u00e9 de licence culte.<\/p>\n<p><span class=\"hide\">Aujourd&rsquo;hui, cette c\u00e9l\u00e8bre franchise rencontre RRS, les sp\u00e9cialistes du sport automobile qui con\u00e7oivent des articles homologu\u00e9s FIA tel que des harnais, des combinaisons sur-mesure, des bottines des gants, ou encore des casques.<\/span><\/p>\n","protected":false},"excerpt":{"rendered":"<p><span class=\"hide\">Le perfectionnisme de RRS coupl\u00e9 \u00e0 l&rsquo;imagerie Michel Vaillant donne aujourd&rsquo;hui cette sublime combinaison pilote RRS FIA EVO2 d&rsquo;un bleu\/rouge \u00e9clatant. <\/span><span class=\"hide\">Con\u00e7u pour les sp\u00e9cialistes comme pour les novices ou m\u00eame juste les fans de l&rsquo;oeuvre de Jean Graton, cette combinaison vous est propos\u00e9e dans un large panel de tailles (du XS au XXXL).<br \/>\nLa ceinture peut \u00eatre personnalis\u00e9e gratuitement avec petit texte de votre choix (merci de nous contacter au moment de l&rsquo;achat pour l&rsquo;obtention de cette personnalisation).<\/span><\/p>\n","protected":false},"featured_media":7560,"template":"","meta":[],"product_brand":[],"product_cat":[84],"product_tag":[53,58,79],"class_list":{"0":"post-7555","1":"product","2":"type-product","3":"status-publish","4":"has-post-thumbnail","6":"product_cat-textiles","7":"product_tag-bleu","8":"product_tag-combinaison","9":"product_tag-rouge","11":"first","12":"outofstock","13":"taxable","14":"shipping-taxable","15":"purchasable","16":"product-type-variable"},"_links":{"self":[{"href":"https:\/\/boutique.vaillante-academie.be\/index.php?rest_route=\/wp\/v2\/product\/7555","targetHints":{"allow":["GET"]}}],"collection":[{"href":"https:\/\/boutique.vaillante-academie.be\/index.php?rest_route=\/wp\/v2\/product"}],"about":[{"href":"https:\/\/boutique.vaillante-academie.be\/index.php?rest_route=\/wp\/v2\/types\/product"}],"version-history":[{"count":1,"href":"https:\/\/boutique.vaillante-academie.be\/index.php?rest_route=\/wp\/v2\/product\/7555\/revisions"}],"predecessor-version":[{"id":8117,"href":"https:\/\/boutique.vaillante-academie.be\/index.php?rest_route=\/wp\/v2\/product\/7555\/revisions\/8117"}],"wp:featuredmedia":[{"embeddable":true,"href":"https:\/\/boutique.vaillante-academie.be\/index.php?rest_route=\/wp\/v2\/media\/7560"}],"wp:attachment":[{"href":"https:\/\/boutique.vaillante-academie.be\/index.php?rest_route=%2Fwp%2Fv2%2Fmedia&parent=7555"}],"wp:term":[{"taxonomy":"product_brand","embeddable":true,"href":"https:\/\/boutique.vaillante-academie.be\/index.php?rest_route=%2Fwp%2Fv2%2Fproduct_brand&post=7555"},{"taxonomy":"product_cat","embeddable":true,"href":"https:\/\/boutique.vaillante-academie.be\/index.php?rest_route=%2Fwp%2Fv2%2Fproduct_cat&post=7555"},{"taxonomy":"product_tag","embeddable":true,"href":"https:\/\/boutique.vaillante-academie.be\/index.php?rest_route=%2Fwp%2Fv2%2Fproduct_tag&post=7555"}],"curies":[{"name":"wp","href":"https:\/\/api.w.org\/{rel}","templated":true}]}}

<p>« Pilote » définition :<br />
1- Désigne une personne ou une entité qui conduit quelque chose.<br />
2- Périodique de bande dessinée fondé par René Goscinny, Albert Uderzo, François Clauteaux, Jean-Michel Charlier, Raymond Joly, Jean Hébrard, René <span class="hide">Ribière et Charles Courtaud.<br />
3- Michel Vaillant<br />
Si bien entendu, ce valeureux Michel n&rsquo;est pas (encore) dans la définition du mot pilote des dictionnaires, il est sans conteste le plus connu de tout le 9e art.</span></p>
<p>Crée en 1959 par Jean Graton, puis rejoint par son fils au scenario et enfin relancée sous la forme d&rsquo;une seconde saison après 70 tome, Michel Vaillant n&rsquo;usurpe pas sa qualité de licence culte.</p>
<p><span class="hide">Aujourd&rsquo;hui, cette célèbre franchise rencontre RRS, les spécialistes du sport automobile qui conçoivent des articles homologués FIA tel que des harnais, des combinaisons sur-mesure, des bottines des gants, ou encore des casques.</span></p>

<p><span class="hide">Le perfectionnisme de RRS couplé à l&rsquo;imagerie Michel Vaillant donne aujourd&rsquo;hui cette sublime combinaison pilote RRS FIA EVO2 d&rsquo;un bleu/rouge éclatant. </span><span class="hide">Conçu pour les spécialistes comme pour les novices ou même juste les fans de l&rsquo;oeuvre de Jean Graton, cette combinaison vous est proposée dans un large panel de tailles (du XS au XXXL).<br />
La ceinture peut être personnalisée gratuitement avec petit texte de votre choix (merci de nous contacter au moment de l&rsquo;achat pour l&rsquo;obtention de cette personnalisation).</span></p>
