{"id":7527,"date":"2021-12-09T15:44:49","date_gmt":"2021-12-09T14:44:49","guid":{"rendered":"http:\/\/boutique.vaillante-academie.be\/?post_type=product&#038;p=7527"},"modified":"2023-06-23T15:35:30","modified_gmt":"2023-06-23T13:35:30","slug":"tee-shirt-michel-vaillant-legende","status":"publish","type":"product","link":"https:\/\/boutique.vaillante-academie.be\/?product=tee-shirt-michel-vaillant-legende","title":{"rendered":"Tee-shirt Michel Vaillant LEGENDE"},"content":{"rendered":"<p><span class=\"hide\">Ces tee-shirts d\u00e9gagent un caract\u00e8re authentique et se parent de d\u00e9tails recherch\u00e9s comme une bande de propret\u00e9 en coton \u00e0 chevron volontairement large pour plus de confort au port\u00e9, un stone washed (lavage) sp\u00e9cifique pour avoir un touch\u00e9 p\u00e8che in\u00e9gal\u00e9.<\/span><\/p>\n<p>&nbsp;<\/p>\n","protected":false},"excerpt":{"rendered":"<p>Issu d&rsquo;une collaboration, Michel Vaillant x l&rsquo;Atelier Renault, le tee-shirt pour Homme est un v\u00eatement d\u00e9contract\u00e9 qui se coordonnera \u00e0 pratiquement toute votre garde-robe et dont les prints iconiques issus de l&rsquo;histoire de Michel Vaillant\u00a0<span class=\"hide\">s\u00e9duira tous les Fans. Il existe aussi dans cette collection plusieurs mod\u00e8les de polos, de blousons en cuir et m\u00eame de masques.<\/span><\/p>\n","protected":false},"featured_media":7529,"template":"","meta":[],"product_brand":[],"product_cat":[84],"product_tag":[63,83],"class_list":{"0":"post-7527","1":"product","2":"type-product","3":"status-publish","4":"has-post-thumbnail","6":"product_cat-textiles","7":"product_tag-gris-chine","8":"product_tag-tee-shirt","10":"first","11":"instock","12":"taxable","13":"shipping-taxable","14":"purchasable","15":"product-type-variable"},"_links":{"self":[{"href":"https:\/\/boutique.vaillante-academie.be\/index.php?rest_route=\/wp\/v2\/product\/7527","targetHints":{"allow":["GET"]}}],"collection":[{"href":"https:\/\/boutique.vaillante-academie.be\/index.php?rest_route=\/wp\/v2\/product"}],"about":[{"href":"https:\/\/boutique.vaillante-academie.be\/index.php?rest_route=\/wp\/v2\/types\/product"}],"version-history":[{"count":1,"href":"https:\/\/boutique.vaillante-academie.be\/index.php?rest_route=\/wp\/v2\/product\/7527\/revisions"}],"predecessor-version":[{"id":8115,"href":"https:\/\/boutique.vaillante-academie.be\/index.php?rest_route=\/wp\/v2\/product\/7527\/revisions\/8115"}],"wp:featuredmedia":[{"embeddable":true,"href":"https:\/\/boutique.vaillante-academie.be\/index.php?rest_route=\/wp\/v2\/media\/7529"}],"wp:attachment":[{"href":"https:\/\/boutique.vaillante-academie.be\/index.php?rest_route=%2Fwp%2Fv2%2Fmedia&parent=7527"}],"wp:term":[{"taxonomy":"product_brand","embeddable":true,"href":"https:\/\/boutique.vaillante-academie.be\/index.php?rest_route=%2Fwp%2Fv2%2Fproduct_brand&post=7527"},{"taxonomy":"product_cat","embeddable":true,"href":"https:\/\/boutique.vaillante-academie.be\/index.php?rest_route=%2Fwp%2Fv2%2Fproduct_cat&post=7527"},{"taxonomy":"product_tag","embeddable":true,"href":"https:\/\/boutique.vaillante-academie.be\/index.php?rest_route=%2Fwp%2Fv2%2Fproduct_tag&post=7527"}],"curies":[{"name":"wp","href":"https:\/\/api.w.org\/{rel}","templated":true}]}}